{"id":5891,"date":"2024-07-22T15:38:27","date_gmt":"2024-07-22T13:38:27","guid":{"rendered":"https:\/\/ch.bnd.ngo\/documents\/proces-verbal-de-la-reunion-fondatrice-de-lassociation-bambini-nel-deserto\/"},"modified":"2024-07-22T15:41:00","modified_gmt":"2024-07-22T13:41:00","slug":"proces-verbal-de-la-reunion-fondatrice-de-lassociation-bambini-nel-deserto","status":"publish","type":"documents","link":"https:\/\/ch.bnd.ngo\/fr\/documents\/proces-verbal-de-la-reunion-fondatrice-de-lassociation-bambini-nel-deserto\/","title":{"rendered":"Proc\u00e8s-verbal de la r\u00e9union fondatrice de l&rsquo;Association Bambini nel Deserto"},"content":{"rendered":"\n<p>Proc\u00e8s-verbal de l&rsquo;assembl\u00e9e fondatrice de l&rsquo;association Bambini nel Deserto, tenue \u00e0 Roveredo (Grisons) le 23.06.2023.<\/p>\n","protected":false},"featured_media":0,"template":"","class_list":["post-5891","documents","type-documents","status-publish","hentry"],"_links":{"self":[{"href":"https:\/\/ch.bnd.ngo\/fr\/wp-json\/wp\/v2\/documents\/5891","targetHints":{"allow":["GET"]}}],"collection":[{"href":"https:\/\/ch.bnd.ngo\/fr\/wp-json\/wp\/v2\/documents"}],"about":[{"href":"https:\/\/ch.bnd.ngo\/fr\/wp-json\/wp\/v2\/types\/documents"}],"version-history":[{"count":0,"href":"https:\/\/ch.bnd.ngo\/fr\/wp-json\/wp\/v2\/documents\/5891\/revisions"}],"wp:attachment":[{"href":"https:\/\/ch.bnd.ngo\/fr\/wp-json\/wp\/v2\/media?parent=5891"}],"curies":[{"name":"wp","href":"https:\/\/api.w.org\/{rel}","templated":true}]}}

Procès-verbal de la réunion fondatrice de l&rsquo;Association Bambini nel Deserto

<p>Procès-verbal de l&rsquo;assemblée fondatrice de l&rsquo;association Bambini nel Deserto, tenue à Roveredo (Grisons) le 23.06.2023.</p>
